{"id":18,"date":"2024-10-16T16:59:34","date_gmt":"2024-10-16T14:59:34","guid":{"rendered":"https:\/\/solidarite-phoceenne-provencale.fr\/?page_id=18"},"modified":"2024-10-19T00:59:44","modified_gmt":"2024-10-18T22:59:44","slug":"blog","status":"publish","type":"page","link":"https:\/\/solidarite-phoceenne-provencale.fr\/index.php\/blog\/","title":{"rendered":"Actualit\u00e9s"},"content":{"rendered":"\n<p><\/p>\n\n\n<ul class=\"wp-block-latest-posts__list is-grid columns-2 has-dates has-author wp-block-latest-posts\"><li><a class=\"wp-block-latest-posts__post-title\" href=\"https:\/\/solidarite-phoceenne-provencale.fr\/index.php\/2024\/10\/16\/bonjour-tout-le-monde\/\">Refonte du site Internet<\/a><div class=\"wp-block-latest-posts__post-author\">par Jean-Pierre Pallar\u00e9a<\/div><time datetime=\"2024-10-16T16:36:40+02:00\" class=\"wp-block-latest-posts__post-date\">16 octobre 2024<\/time><div class=\"wp-block-latest-posts__post-excerpt\">A la suite d&rsquo;un probl\u00e8me, le site Internet a du \u00eatre totalement refondu. Il est &hellip; <p class=\"link-more\"><a href=\"https:\/\/solidarite-phoceenne-provencale.fr\/index.php\/2024\/10\/16\/bonjour-tout-le-monde\/\" class=\"more-link\">Continuer la lecture<span class=\"screen-reader-text\"> de &laquo;&nbsp;Refonte du site Internet&nbsp;&raquo;<\/span><\/a><\/p><\/div><\/li>\n<li><a class=\"wp-block-latest-posts__post-title\" href=\"https:\/\/solidarite-phoceenne-provencale.fr\/index.php\/2024\/05\/20\/assemblee-generale-2024\/\">Assembl\u00e9e g\u00e9n\u00e9rale 2024<\/a><div class=\"wp-block-latest-posts__post-author\">par Jean-Pierre Pallar\u00e9a<\/div><time datetime=\"2024-05-20T00:34:02+02:00\" class=\"wp-block-latest-posts__post-date\">20 mai 2024<\/time><div class=\"wp-block-latest-posts__post-excerpt\">Au nom des membres du Conseil d\u2019Administration, je tiens \u00e0 remercier les membres pr\u00e9sents lors &hellip; <p class=\"link-more\"><a href=\"https:\/\/solidarite-phoceenne-provencale.fr\/index.php\/2024\/05\/20\/assemblee-generale-2024\/\" class=\"more-link\">Continuer la lecture<span class=\"screen-reader-text\"> de &laquo;&nbsp;Assembl\u00e9e g\u00e9n\u00e9rale 2024&nbsp;&raquo;<\/span><\/a><\/p><\/div><\/li>\n<li><a class=\"wp-block-latest-posts__post-title\" href=\"https:\/\/solidarite-phoceenne-provencale.fr\/index.php\/2022\/02\/02\/kesako-la-solidarite-phoceenne-et-provencale\/\">Kesako la Solidarit\u00e9 Phoc\u00e9enne et Proven\u00e7ale ?<\/a><div class=\"wp-block-latest-posts__post-author\">par Jean-Pierre Pallar\u00e9a<\/div><time datetime=\"2022-02-02T00:54:00+01:00\" class=\"wp-block-latest-posts__post-date\">2 f\u00e9vrier 2022<\/time><div class=\"wp-block-latest-posts__post-excerpt\">C&rsquo;est le titre de l&rsquo;article que nous consacrait, le 31 janvier 2022, le site \u00ab\u00a0450.fm\u00a0\u00bb.https:\/\/450.fm\/2022\/01\/31\/connaissez-vous-la-solidarite-phoceenne-et-provencale\/<\/div><\/li>\n<\/ul>\n\n<div class=\"wp-block-image is-style-rounded\">\n<figure class=\"aligncenter size-large\"><img data-recalc-dims=\"1\" loading=\"lazy\" decoding=\"async\" width=\"525\" height=\"299\" src=\"https:\/\/i0.wp.com\/solidarite-phoceenne-provencale.fr\/wp-content\/uploads\/2024\/10\/News1.jpeg?resize=525%2C299&#038;ssl=1\" alt=\"\" class=\"wp-image-161\" srcset=\"https:\/\/i0.wp.com\/solidarite-phoceenne-provencale.fr\/wp-content\/uploads\/2024\/10\/News1.jpeg?resize=1024%2C583&amp;ssl=1 1024w, https:\/\/i0.wp.com\/solidarite-phoceenne-provencale.fr\/wp-content\/uploads\/2024\/10\/News1.jpeg?resize=300%2C171&amp;ssl=1 300w, https:\/\/i0.wp.com\/solidarite-phoceenne-provencale.fr\/wp-content\/uploads\/2024\/10\/News1.jpeg?resize=768%2C438&amp;ssl=1 768w, https:\/\/i0.wp.com\/solidarite-phoceenne-provencale.fr\/wp-content\/uploads\/2024\/10\/News1.jpeg?w=1132&amp;ssl=1 1132w\" sizes=\"auto, (max-width: 767px) 89vw, (max-width: 1000px) 54vw, (max-width: 1071px) 543px, 580px\" \/><\/figure>\n<\/div>","protected":false},"excerpt":{"rendered":"","protected":false},"author":4,"featured_media":0,"parent":0,"menu_order":0,"comment_status":"closed","ping_status":"closed","template":"","meta":{"advanced_seo_description":"","jetpack_seo_html_title":"","jetpack_seo_noindex":false,"footnotes":""},"class_list":["post-18","page","type-page","status-publish","hentry"],"jetpack_sharing_enabled":true,"_links":{"self":[{"href":"https:\/\/solidarite-phoceenne-provencale.fr\/index.php\/wp-json\/wp\/v2\/pages\/18","targetHints":{"allow":["GET"]}}],"collection":[{"href":"https:\/\/solidarite-phoceenne-provencale.fr\/index.php\/wp-json\/wp\/v2\/pages"}],"about":[{"href":"https:\/\/solidarite-phoceenne-provencale.fr\/index.php\/wp-json\/wp\/v2\/types\/page"}],"author":[{"embeddable":true,"href":"https:\/\/solidarite-phoceenne-provencale.fr\/index.php\/wp-json\/wp\/v2\/users\/4"}],"replies":[{"embeddable":true,"href":"https:\/\/solidarite-phoceenne-provencale.fr\/index.php\/wp-json\/wp\/v2\/comments?post=18"}],"version-history":[{"count":0,"href":"https:\/\/solidarite-phoceenne-provencale.fr\/index.php\/wp-json\/wp\/v2\/pages\/18\/revisions"}],"wp:attachment":[{"href":"https:\/\/solidarite-phoceenne-provencale.fr\/index.php\/wp-json\/wp\/v2\/media?parent=18"}],"curies":[{"name":"wp","href":"https:\/\/api.w.org\/{rel}","templated":true}]}}

Actualités

<p></p>


<ul class="wp-block-latest-posts__list is-grid columns-2 has-dates has-author wp-block-latest-posts"><li><a class="wp-block-latest-posts__post-title" href="https://solidarite-phoceenne-provencale.fr/index.php/2024/10/16/bonjour-tout-le-monde/">Refonte du site Internet</a><div class="wp-block-latest-posts__post-author">par Jean-Pierre Pallaréa</div><time datetime="2024-10-16T16:36:40+02:00" class="wp-block-latest-posts__post-date">16 octobre 2024</time><div class="wp-block-latest-posts__post-excerpt">A la suite d&rsquo;un problème, le site Internet a du être totalement refondu. Il est &hellip; <p class="link-more"><a href="https://solidarite-phoceenne-provencale.fr/index.php/2024/10/16/bonjour-tout-le-monde/" class="more-link">Continuer la lecture<span class="screen-reader-text"> de &laquo;&nbsp;Refonte du site Internet&nbsp;&raquo;</span></a></p></div></li>
<li><a class="wp-block-latest-posts__post-title" href="https://solidarite-phoceenne-provencale.fr/index.php/2024/05/20/assemblee-generale-2024/">Assemblée générale 2024</a><div class="wp-block-latest-posts__post-author">par Jean-Pierre Pallaréa</div><time datetime="2024-05-20T00:34:02+02:00" class="wp-block-latest-posts__post-date">20 mai 2024</time><div class="wp-block-latest-posts__post-excerpt">Au nom des membres du Conseil d’Administration, je tiens à remercier les membres présents lors &hellip; <p class="link-more"><a href="https://solidarite-phoceenne-provencale.fr/index.php/2024/05/20/assemblee-generale-2024/" class="more-link">Continuer la lecture<span class="screen-reader-text"> de &laquo;&nbsp;Assemblée générale 2024&nbsp;&raquo;</span></a></p></div></li>
<li><a class="wp-block-latest-posts__post-title" href="https://solidarite-phoceenne-provencale.fr/index.php/2022/02/02/kesako-la-solidarite-phoceenne-et-provencale/">Kesako la Solidarité Phocéenne et Provençale ?</a><div class="wp-block-latest-posts__post-author">par Jean-Pierre Pallaréa</div><time datetime="2022-02-02T00:54:00+01:00" class="wp-block-latest-posts__post-date">2 février 2022</time><div class="wp-block-latest-posts__post-excerpt">C&rsquo;est le titre de l&rsquo;article que nous consacrait, le 31 janvier 2022, le site « 450.fm ».https://450.fm/2022/01/31/connaissez-vous-la-solidarite-phoceenne-et-provencale/</div></li>
</ul>

<div class="wp-block-image is-style-rounded">
<figure class="aligncenter size-large"><img data-recalc-dims="1" loading="lazy" decoding="async" width="525" height="299" src="https://i0.wp.com/solidarite-phoceenne-provencale.fr/wp-content/uploads/2024/10/News1.jpeg?resize=525%2C299&#038;ssl=1" alt="" class="wp-image-161" srcset="https://i0.wp.com/solidarite-phoceenne-provencale.fr/wp-content/uploads/2024/10/News1.jpeg?resize=1024%2C583&amp;ssl=1 1024w, https://i0.wp.com/solidarite-phoceenne-provencale.fr/wp-content/uploads/2024/10/News1.jpeg?resize=300%2C171&amp;ssl=1 300w, https://i0.wp.com/solidarite-phoceenne-provencale.fr/wp-content/uploads/2024/10/News1.jpeg?resize=768%2C438&amp;ssl=1 768w, https://i0.wp.com/solidarite-phoceenne-provencale.fr/wp-content/uploads/2024/10/News1.jpeg?w=1132&amp;ssl=1 1132w" sizes="auto, (max-width: 767px) 89vw, (max-width: 1000px) 54vw, (max-width: 1071px) 543px, 580px" /></figure>
</div>
