{"id":81,"date":"2024-10-17T00:37:55","date_gmt":"2024-10-16T22:37:55","guid":{"rendered":"https:\/\/solidarite-phoceenne-provencale.fr\/?page_id=81"},"modified":"2024-10-20T23:22:15","modified_gmt":"2024-10-20T21:22:15","slug":"presentation-detaillee","status":"publish","type":"page","link":"https:\/\/solidarite-phoceenne-provencale.fr\/index.php\/presentation-detaillee\/","title":{"rendered":"Pr\u00e9sentation"},"content":{"rendered":"\n<p><strong>La S.P.P. regroupe des Loges appartenant \u00e0 diverses Ob\u00e9diences (GO,  GLDF, GLFF, DH, GLMF, GLMU, GLMAF).<\/strong><\/p>\n\n\n\n<p><strong>Cet aspect multi ob\u00e9dientiel, ce \u201crassemblement de ce qui est \u00e9pars\u201d, fait la force de la S.P.P, elle reste ind\u00e9pendante et elle n\u2019est inf\u00e9od\u00e9e \u00e0 aucune structure dirigeant nos Ob\u00e9diences.&nbsp;<\/strong><\/p>\n\n\n\n<p><strong>Ce qu\u2019elle est&nbsp;:<\/strong><br><strong>Une Association de SS\u2234 et de FF\u2234<em> venus de diff\u00e9rentes Ob\u00e9diences et r\u00e9unis dans un but commun, celui de pratiquer concr\u00e8tement la solidarit\u00e9 entre ses membres en apportant une aide mat\u00e9rielle dans l\u2019urgence \u00e0 la famille de l\u2019un de ses adh\u00e9rents lors de son d\u00e9c\u00e8s.&nbsp;<\/em><\/strong><\/p>\n\n\n\n<p><strong><em>Pour employer un langage connu de tous, c\u2019est une OBOLE.&nbsp;<\/em><\/strong><br><strong><em>C\u2019est le \u201cTronc de la Veuve\u201d, mais \u00e0 grande \u00e9chelle.&nbsp;<\/em><\/strong><\/p>\n\n\n<div class=\"wp-block-image is-style-rounded\">\n<figure class=\"aligncenter size-full is-resized\"><img data-recalc-dims=\"1\" loading=\"lazy\" decoding=\"async\" width=\"525\" height=\"249\" src=\"https:\/\/i0.wp.com\/solidarite-phoceenne-provencale.fr\/wp-content\/uploads\/2024\/10\/tronc-pendule-maillet.png?resize=525%2C249&#038;ssl=1\" alt=\"\" class=\"wp-image-255\" style=\"width:674px;height:auto\" srcset=\"https:\/\/i0.wp.com\/solidarite-phoceenne-provencale.fr\/wp-content\/uploads\/2024\/10\/tronc-pendule-maillet.png?w=800&amp;ssl=1 800w, https:\/\/i0.wp.com\/solidarite-phoceenne-provencale.fr\/wp-content\/uploads\/2024\/10\/tronc-pendule-maillet.png?resize=300%2C142&amp;ssl=1 300w, https:\/\/i0.wp.com\/solidarite-phoceenne-provencale.fr\/wp-content\/uploads\/2024\/10\/tronc-pendule-maillet.png?resize=768%2C364&amp;ssl=1 768w\" sizes=\"auto, (max-width: 767px) 89vw, (max-width: 1000px) 54vw, (max-width: 1071px) 543px, 580px\" \/><\/figure>\n<\/div>\n\n\n<p><strong>Ce qu\u2019elle n\u2019est pas&nbsp;:<\/strong><br><strong><em>En aucune fa\u00e7on une mutuelle ou une assurance<\/em>.<\/strong><\/p>\n\n\n\n<p><strong>Comment fonctionne la S.P.P.\u2009?&nbsp;<\/strong><br><strong>L\u2019Association est g\u00e9r\u00e9e par un Conseil d\u2019Administration dont les membres sont \u00e9lus par l\u2019A.G., le Pr\u00e9sident \u00e9tant d\u00e9sign\u00e9 au sein du Conseil.&nbsp;<\/strong><\/p>\n\n\n\n<h2 class=\"wp-block-heading\"><strong>Qui peut \u00eatre adh\u00e9rent \u00e0 la SPP\u2009?<\/strong><\/h2>\n\n\n\n<p><strong>Peuvent \u00eatre adh\u00e9rents \u00e0 la S.P.P. tous les SS&nbsp;\u2234 et FF&nbsp;\u2234 appartenant \u00e0 une loge, elle-m\u00eame d\u00e9pendante d\u2019une Ob\u00e9dience reconnue par les principales Ob\u00e9diences fran\u00e7aises. Chaque loge \u00e9tant repr\u00e9sent\u00e9e par un mandataire choisi par celle-ci.<\/strong><\/p>\n\n\n\n<p><strong>Lors de son adh\u00e9sion, chacun remplit un document d\u2019attribution du secours en deux exemplaires indiquant le ou les b\u00e9n\u00e9ficiaires, l\u2019un restant \u00e0 la Loge, l\u2019autre \u00e0 la S.P.P.&nbsp;<\/strong><\/p>\n\n\n\n<p><strong>Au moment du d\u00e9c\u00e8s, le mandataire adresse le certificat de d\u00e9c\u00e8s et le double du document d\u2019attribution de secours \u00e0 la S.P.P. qui, apr\u00e8s v\u00e9rification, lui fait parvenir le ch\u00e8que ou effectue directement le virement qui repr\u00e9sente le montant du secours. La SPP fait l\u2019avance des fonds et envoie tous les trimestres aux mandataires un relev\u00e9 des sommes dues au titre de cette Obole.&nbsp;<\/strong><\/p>\n\n\n\n<p><\/p>\n\n\n\n<h2 class=\"wp-block-heading\"><strong>Quelques mots pour terminer sur les deux grandes r\u00e9unions de la S.P.P.&nbsp;<\/strong><\/h2>\n\n\n\n<p><strong>&nbsp;Tous les ans,&nbsp;le dernier samedi de janvier ou le premier samedi de f\u00e9vrier, nous organisons une C\u00e9r\u00e9monie fun\u00e8bre&nbsp;\u00e0 la m\u00e9moire des SS&nbsp;:. et FF&nbsp;:. pass\u00e9s \u00e0 l\u2019Orient \u00c9ternel au cours de l\u2019ann\u00e9e pr\u00e9c\u00e9dente, C\u00e9r\u00e9monie Fun\u00e8bre \u00e0 laquelle nous convions toutes les s\u0153urs et tous les fr\u00e8res, ainsi que les familles de nos chers disparus.<\/strong><\/p>\n\n\n\n<p><strong>&nbsp;Lors de ces c\u00e9r\u00e9monies, nous vivons toujours un temps fort pour notre association, dans le respect de nos engagements de F.. M.., moment d\u2019ailleurs que je vous invite \u00e0 partager l\u2019an prochain.&nbsp;&nbsp;&nbsp;<\/strong><\/p>\n\n\n\n<p><strong>Et, bien s\u00fbr,  il y a l\u2019Assembl\u00e9e G\u00e9n\u00e9rale qui&nbsp;<\/strong><strong>a&nbsp;lieu entre la fin avril et la mi-mai.&nbsp;<\/strong><\/p>\n\n\n\n<p><strong>&nbsp;<\/strong><\/p>\n\n\n\n<p><strong>Le Pr\u00e9sident,  Alain Roques<\/strong><\/p>\n\n\n<div class=\"wp-block-image is-style-rounded\">\n<figure class=\"aligncenter size-full\"><img data-recalc-dims=\"1\" loading=\"lazy\" decoding=\"async\" width=\"525\" height=\"236\" src=\"https:\/\/i0.wp.com\/solidarite-phoceenne-provencale.fr\/wp-content\/uploads\/2024\/10\/lacs-damour1.jpg?resize=525%2C236&#038;ssl=1\" alt=\"\" class=\"wp-image-173\" srcset=\"https:\/\/i0.wp.com\/solidarite-phoceenne-provencale.fr\/wp-content\/uploads\/2024\/10\/lacs-damour1.jpg?w=1000&amp;ssl=1 1000w, https:\/\/i0.wp.com\/solidarite-phoceenne-provencale.fr\/wp-content\/uploads\/2024\/10\/lacs-damour1.jpg?resize=300%2C135&amp;ssl=1 300w, https:\/\/i0.wp.com\/solidarite-phoceenne-provencale.fr\/wp-content\/uploads\/2024\/10\/lacs-damour1.jpg?resize=768%2C346&amp;ssl=1 768w\" sizes=\"auto, (max-width: 767px) 89vw, (max-width: 1000px) 54vw, (max-width: 1071px) 543px, 580px\" \/><\/figure>\n<\/div>","protected":false},"excerpt":{"rendered":"<p>La S.P.P. regroupe des Loges appartenant \u00e0 diverses Ob\u00e9diences (GO, GLDF, GLFF, DH, GLMF, GLMU, GLMAF). Cet aspect multi ob\u00e9dientiel, ce \u201crassemblement de ce qui est \u00e9pars\u201d, fait la force de la S.P.P, elle reste ind\u00e9pendante et elle n\u2019est inf\u00e9od\u00e9e \u00e0 aucune structure dirigeant nos Ob\u00e9diences.&nbsp; Ce qu\u2019elle est&nbsp;:Une Association de SS\u2234 et de FF\u2234 &hellip; <\/p>\n<p class=\"link-more\"><a href=\"https:\/\/solidarite-phoceenne-provencale.fr\/index.php\/presentation-detaillee\/\" class=\"more-link\">Continuer la lecture<span class=\"screen-reader-text\"> de &laquo;&nbsp;Pr\u00e9sentation&nbsp;&raquo;<\/span><\/a><\/p>\n","protected":false},"author":4,"featured_media":0,"parent":0,"menu_order":0,"comment_status":"closed","ping_status":"closed","template":"","meta":{"advanced_seo_description":"","jetpack_seo_html_title":"","jetpack_seo_noindex":false,"footnotes":""},"class_list":["post-81","page","type-page","status-publish","hentry"],"jetpack_sharing_enabled":true,"_links":{"self":[{"href":"https:\/\/solidarite-phoceenne-provencale.fr\/index.php\/wp-json\/wp\/v2\/pages\/81","targetHints":{"allow":["GET"]}}],"collection":[{"href":"https:\/\/solidarite-phoceenne-provencale.fr\/index.php\/wp-json\/wp\/v2\/pages"}],"about":[{"href":"https:\/\/solidarite-phoceenne-provencale.fr\/index.php\/wp-json\/wp\/v2\/types\/page"}],"author":[{"embeddable":true,"href":"https:\/\/solidarite-phoceenne-provencale.fr\/index.php\/wp-json\/wp\/v2\/users\/4"}],"replies":[{"embeddable":true,"href":"https:\/\/solidarite-phoceenne-provencale.fr\/index.php\/wp-json\/wp\/v2\/comments?post=81"}],"version-history":[{"count":0,"href":"https:\/\/solidarite-phoceenne-provencale.fr\/index.php\/wp-json\/wp\/v2\/pages\/81\/revisions"}],"wp:attachment":[{"href":"https:\/\/solidarite-phoceenne-provencale.fr\/index.php\/wp-json\/wp\/v2\/media?parent=81"}],"curies":[{"name":"wp","href":"https:\/\/api.w.org\/{rel}","templated":true}]}}

Présentation

<p><strong>La S.P.P. regroupe des Loges appartenant à diverses Obédiences (GO,  GLDF, GLFF, DH, GLMF, GLMU, GLMAF).</strong></p>



<p><strong>Cet aspect multi obédientiel, ce “rassemblement de ce qui est épars”, fait la force de la S.P.P, elle reste indépendante et elle n’est inféodée à aucune structure dirigeant nos Obédiences.&nbsp;</strong></p>



<p><strong>Ce qu’elle est&nbsp;:</strong><br><strong>Une Association de SS∴ et de FF∴<em> venus de différentes Obédiences et réunis dans un but commun, celui de pratiquer concrètement la solidarité entre ses membres en apportant une aide matérielle dans l’urgence à la famille de l’un de ses adhérents lors de son décès.&nbsp;</em></strong></p>



<p><strong><em>Pour employer un langage connu de tous, c’est une OBOLE.&nbsp;</em></strong><br><strong><em>C’est le “Tronc de la Veuve”, mais à grande échelle.&nbsp;</em></strong></p>


<div class="wp-block-image is-style-rounded">
<figure class="aligncenter size-full is-resized"><img data-recalc-dims="1" loading="lazy" decoding="async" width="525" height="249" src="https://i0.wp.com/solidarite-phoceenne-provencale.fr/wp-content/uploads/2024/10/tronc-pendule-maillet.png?resize=525%2C249&#038;ssl=1" alt="" class="wp-image-255" style="width:674px;height:auto" srcset="https://i0.wp.com/solidarite-phoceenne-provencale.fr/wp-content/uploads/2024/10/tronc-pendule-maillet.png?w=800&amp;ssl=1 800w, https://i0.wp.com/solidarite-phoceenne-provencale.fr/wp-content/uploads/2024/10/tronc-pendule-maillet.png?resize=300%2C142&amp;ssl=1 300w, https://i0.wp.com/solidarite-phoceenne-provencale.fr/wp-content/uploads/2024/10/tronc-pendule-maillet.png?resize=768%2C364&amp;ssl=1 768w" sizes="auto, (max-width: 767px) 89vw, (max-width: 1000px) 54vw, (max-width: 1071px) 543px, 580px" /></figure>
</div>


<p><strong>Ce qu’elle n’est pas&nbsp;:</strong><br><strong><em>En aucune façon une mutuelle ou une assurance</em>.</strong></p>



<p><strong>Comment fonctionne la S.P.P. ?&nbsp;</strong><br><strong>L’Association est gérée par un Conseil d’Administration dont les membres sont élus par l’A.G., le Président étant désigné au sein du Conseil.&nbsp;</strong></p>



<h2 class="wp-block-heading"><strong>Qui peut être adhérent à la SPP ?</strong></h2>



<p><strong>Peuvent être adhérents à la S.P.P. tous les SS&nbsp;∴ et FF&nbsp;∴ appartenant à une loge, elle-même dépendante d’une Obédience reconnue par les principales Obédiences françaises. Chaque loge étant représentée par un mandataire choisi par celle-ci.</strong></p>



<p><strong>Lors de son adhésion, chacun remplit un document d’attribution du secours en deux exemplaires indiquant le ou les bénéficiaires, l’un restant à la Loge, l’autre à la S.P.P.&nbsp;</strong></p>



<p><strong>Au moment du décès, le mandataire adresse le certificat de décès et le double du document d’attribution de secours à la S.P.P. qui, après vérification, lui fait parvenir le chèque ou effectue directement le virement qui représente le montant du secours. La SPP fait l’avance des fonds et envoie tous les trimestres aux mandataires un relevé des sommes dues au titre de cette Obole.&nbsp;</strong></p>



<p></p>



<h2 class="wp-block-heading"><strong>Quelques mots pour terminer sur les deux grandes réunions de la S.P.P.&nbsp;</strong></h2>



<p><strong>&nbsp;Tous les ans,&nbsp;le dernier samedi de janvier ou le premier samedi de février, nous organisons une Cérémonie funèbre&nbsp;à la mémoire des SS&nbsp;:. et FF&nbsp;:. passés à l’Orient Éternel au cours de l’année précédente, Cérémonie Funèbre à laquelle nous convions toutes les sœurs et tous les frères, ainsi que les familles de nos chers disparus.</strong></p>



<p><strong>&nbsp;Lors de ces cérémonies, nous vivons toujours un temps fort pour notre association, dans le respect de nos engagements de F.. M.., moment d’ailleurs que je vous invite à partager l’an prochain.&nbsp;&nbsp;&nbsp;</strong></p>



<p><strong>Et, bien sûr,  il y a l’Assemblée Générale qui&nbsp;</strong><strong>a&nbsp;lieu entre la fin avril et la mi-mai.&nbsp;</strong></p>



<p><strong>&nbsp;</strong></p>



<p><strong>Le Président,  Alain Roques</strong></p>


<div class="wp-block-image is-style-rounded">
<figure class="aligncenter size-full"><img data-recalc-dims="1" loading="lazy" decoding="async" width="525" height="236" src="https://i0.wp.com/solidarite-phoceenne-provencale.fr/wp-content/uploads/2024/10/lacs-damour1.jpg?resize=525%2C236&#038;ssl=1" alt="" class="wp-image-173" srcset="https://i0.wp.com/solidarite-phoceenne-provencale.fr/wp-content/uploads/2024/10/lacs-damour1.jpg?w=1000&amp;ssl=1 1000w, https://i0.wp.com/solidarite-phoceenne-provencale.fr/wp-content/uploads/2024/10/lacs-damour1.jpg?resize=300%2C135&amp;ssl=1 300w, https://i0.wp.com/solidarite-phoceenne-provencale.fr/wp-content/uploads/2024/10/lacs-damour1.jpg?resize=768%2C346&amp;ssl=1 768w" sizes="auto, (max-width: 767px) 89vw, (max-width: 1000px) 54vw, (max-width: 1071px) 543px, 580px" /></figure>
</div>

<p>La S.P.P. regroupe des Loges appartenant à diverses Obédiences (GO, GLDF, GLFF, DH, GLMF, GLMU, GLMAF). Cet aspect multi obédientiel, ce “rassemblement de ce qui est épars”, fait la force de la S.P.P, elle reste indépendante et elle n’est inféodée à aucune structure dirigeant nos Obédiences.&nbsp; Ce qu’elle est&nbsp;:Une Association de SS∴ et de FF∴ &hellip; </p>
<p class="link-more"><a href="https://solidarite-phoceenne-provencale.fr/index.php/presentation-detaillee/" class="more-link">Continuer la lecture<span class="screen-reader-text"> de &laquo;&nbsp;Présentation&nbsp;&raquo;</span></a></p>
