{"id":95,"date":"2024-10-17T00:49:33","date_gmt":"2024-10-16T22:49:33","guid":{"rendered":"https:\/\/solidarite-phoceenne-provencale.fr\/?page_id=95"},"modified":"2024-10-20T01:27:00","modified_gmt":"2024-10-19T23:27:00","slug":"quelques-citations-sur-la-solidarite","status":"publish","type":"page","link":"https:\/\/solidarite-phoceenne-provencale.fr\/index.php\/quelques-citations-sur-la-solidarite\/","title":{"rendered":"Quelques citations sur la solidarit\u00e9"},"content":{"rendered":"\n<p>Vous pouvez, en commentaire, pr\u00e9ciser la r\u00e9f\u00e9rence d&rsquo;une citation, ou proposer une autre citation sur le m\u00eame th\u00e8me.<br>Les commentaires seront approuv\u00e9s par le webmaster avant publication, bien s\u00fbr.<\/p>\n\n\n\n<hr class=\"wp-block-separator has-alpha-channel-opacity\"\/>\n\n\n\n<div class=\"wp-block-media-text has-media-on-the-right is-stacked-on-mobile\"><div class=\"wp-block-media-text__content\">\n<p><strong>D\u00e9sormais la solidarit\u00e9 la plus n\u00e9cessaire est celle de l&rsquo;ensemble des habitants de la Terre.<\/strong><\/p>\n\n\n\n<p>Albert Jacquard (1925-2013)<\/p>\n<\/div><figure class=\"wp-block-media-text__media\"><img data-recalc-dims=\"1\" loading=\"lazy\" decoding=\"async\" width=\"420\" height=\"420\" src=\"https:\/\/i0.wp.com\/solidarite-phoceenne-provencale.fr\/wp-content\/uploads\/2024\/10\/Jacquard.jpg?resize=420%2C420&#038;ssl=1\" alt=\"\" class=\"wp-image-187 size-full\" srcset=\"https:\/\/i0.wp.com\/solidarite-phoceenne-provencale.fr\/wp-content\/uploads\/2024\/10\/Jacquard.jpg?w=420&amp;ssl=1 420w, https:\/\/i0.wp.com\/solidarite-phoceenne-provencale.fr\/wp-content\/uploads\/2024\/10\/Jacquard.jpg?resize=300%2C300&amp;ssl=1 300w, https:\/\/i0.wp.com\/solidarite-phoceenne-provencale.fr\/wp-content\/uploads\/2024\/10\/Jacquard.jpg?resize=150%2C150&amp;ssl=1 150w, https:\/\/i0.wp.com\/solidarite-phoceenne-provencale.fr\/wp-content\/uploads\/2024\/10\/Jacquard.jpg?resize=100%2C100&amp;ssl=1 100w\" sizes=\"auto, (max-width: 420px) 100vw, 420px\" \/><\/figure><\/div>\n\n\n\n<div class=\"wp-block-media-text is-stacked-on-mobile\"><figure class=\"wp-block-media-text__media\"><img data-recalc-dims=\"1\" loading=\"lazy\" decoding=\"async\" width=\"300\" height=\"300\" src=\"https:\/\/i0.wp.com\/solidarite-phoceenne-provencale.fr\/wp-content\/uploads\/2024\/10\/simonedebeauvoir.jpg?resize=300%2C300&#038;ssl=1\" alt=\"\" class=\"wp-image-192 size-full\" srcset=\"https:\/\/i0.wp.com\/solidarite-phoceenne-provencale.fr\/wp-content\/uploads\/2024\/10\/simonedebeauvoir.jpg?w=300&amp;ssl=1 300w, https:\/\/i0.wp.com\/solidarite-phoceenne-provencale.fr\/wp-content\/uploads\/2024\/10\/simonedebeauvoir.jpg?resize=150%2C150&amp;ssl=1 150w, https:\/\/i0.wp.com\/solidarite-phoceenne-provencale.fr\/wp-content\/uploads\/2024\/10\/simonedebeauvoir.jpg?resize=100%2C100&amp;ssl=1 100w\" sizes=\"auto, (max-width: 300px) 100vw, 300px\" \/><\/figure><div class=\"wp-block-media-text__content\">\n<p><strong>Pour d\u00e9sirer laisser des traces dans le monde, il faut en \u00eatre solidaire.<\/strong><\/p>\n\n\n\n<p>Simone de Beauvoir (1908-1986)<\/p>\n<\/div><\/div>\n\n\n\n<div class=\"wp-block-media-text has-media-on-the-right is-stacked-on-mobile\"><div class=\"wp-block-media-text__content\">\n<p><strong>La fraternit\u00e9 n&rsquo;est qu&rsquo;une id\u00e9e humaine, la solidarit\u00e9 est une id\u00e9e universelle.<\/strong><\/p>\n\n\n\n<p>Victor Hugo  (1802-1885)<\/p>\n<\/div><figure class=\"wp-block-media-text__media\"><img data-recalc-dims=\"1\" loading=\"lazy\" decoding=\"async\" width=\"525\" height=\"525\" src=\"https:\/\/i0.wp.com\/solidarite-phoceenne-provencale.fr\/wp-content\/uploads\/2024\/10\/Hugo.jpg?resize=525%2C525&#038;ssl=1\" alt=\"\" class=\"wp-image-190 size-full\" srcset=\"https:\/\/i0.wp.com\/solidarite-phoceenne-provencale.fr\/wp-content\/uploads\/2024\/10\/Hugo.jpg?w=960&amp;ssl=1 960w, https:\/\/i0.wp.com\/solidarite-phoceenne-provencale.fr\/wp-content\/uploads\/2024\/10\/Hugo.jpg?resize=300%2C300&amp;ssl=1 300w, https:\/\/i0.wp.com\/solidarite-phoceenne-provencale.fr\/wp-content\/uploads\/2024\/10\/Hugo.jpg?resize=150%2C150&amp;ssl=1 150w, https:\/\/i0.wp.com\/solidarite-phoceenne-provencale.fr\/wp-content\/uploads\/2024\/10\/Hugo.jpg?resize=768%2C768&amp;ssl=1 768w, https:\/\/i0.wp.com\/solidarite-phoceenne-provencale.fr\/wp-content\/uploads\/2024\/10\/Hugo.jpg?resize=100%2C100&amp;ssl=1 100w\" sizes=\"auto, (max-width: 767px) 89vw, (max-width: 1000px) 54vw, (max-width: 1071px) 543px, 580px\" \/><\/figure><\/div>\n\n\n\n<div class=\"wp-block-media-text is-stacked-on-mobile\"><figure class=\"wp-block-media-text__media\"><img data-recalc-dims=\"1\" loading=\"lazy\" decoding=\"async\" width=\"520\" height=\"637\" src=\"https:\/\/i0.wp.com\/solidarite-phoceenne-provencale.fr\/wp-content\/uploads\/2024\/10\/Taylor.jpg?resize=520%2C637&#038;ssl=1\" alt=\"\" class=\"wp-image-96 size-full\" srcset=\"https:\/\/i0.wp.com\/solidarite-phoceenne-provencale.fr\/wp-content\/uploads\/2024\/10\/Taylor.jpg?w=520&amp;ssl=1 520w, https:\/\/i0.wp.com\/solidarite-phoceenne-provencale.fr\/wp-content\/uploads\/2024\/10\/Taylor.jpg?resize=245%2C300&amp;ssl=1 245w\" sizes=\"auto, (max-width: 520px) 100vw, 520px\" \/><\/figure><div class=\"wp-block-media-text__content\">\n<p><strong>Il faut secourir avant d&rsquo;\u00eatre secouru, c&rsquo;est \u00e0 ce prix que le secours honore et celui qui le re\u00e7oit, et celui qui le donne.<\/strong><\/p>\n\n\n\n<p>Isidore, baron Taylor (1789-1879)<\/p>\n<\/div><\/div>\n\n\n\n<div class=\"wp-block-media-text has-media-on-the-right is-stacked-on-mobile is-image-fill\"><div class=\"wp-block-media-text__content\">\n<p><strong>Il croyait fermement \u00e0 la possibilit\u00e9 d&rsquo;une fraternit\u00e9 des hommes en vue de s&rsquo;entraider sur la voie de la vertu. Et telle pr\u00e9cis\u00e9ment lui apparaissait la franc-ma\u00e7onnerie.<\/strong><\/p>\n\n\n\n<p><br>L\u00e9on Tolsto\u00ef (1828-1910)<br>\u00ab\u00a0La Guerre et la Paix\u00a0\u00bb<\/p>\n\n\n\n<p><\/p>\n<\/div><figure class=\"wp-block-media-text__media\" style=\"background-image:url(https:\/\/solidarite-phoceenne-provencale.fr\/wp-content\/uploads\/2024\/10\/Tolstoi-739x1024.jpg);background-position:60% 34%\"><img data-recalc-dims=\"1\" loading=\"lazy\" decoding=\"async\" width=\"525\" height=\"727\" src=\"https:\/\/i0.wp.com\/solidarite-phoceenne-provencale.fr\/wp-content\/uploads\/2024\/10\/Tolstoi.jpg?resize=525%2C727&#038;ssl=1\" alt=\"\" class=\"wp-image-260 size-full\" srcset=\"https:\/\/i0.wp.com\/solidarite-phoceenne-provencale.fr\/wp-content\/uploads\/2024\/10\/Tolstoi.jpg?resize=739%2C1024&amp;ssl=1 739w, https:\/\/i0.wp.com\/solidarite-phoceenne-provencale.fr\/wp-content\/uploads\/2024\/10\/Tolstoi.jpg?resize=217%2C300&amp;ssl=1 217w, https:\/\/i0.wp.com\/solidarite-phoceenne-provencale.fr\/wp-content\/uploads\/2024\/10\/Tolstoi.jpg?resize=768%2C1064&amp;ssl=1 768w, https:\/\/i0.wp.com\/solidarite-phoceenne-provencale.fr\/wp-content\/uploads\/2024\/10\/Tolstoi.jpg?w=1024&amp;ssl=1 1024w\" sizes=\"auto, (max-width: 525px) 100vw, 525px\" \/><\/figure><\/div>\n\n\n<div class=\"wp-block-image is-style-rounded\">\n<figure class=\"aligncenter size-large\"><img data-recalc-dims=\"1\" loading=\"lazy\" decoding=\"async\" width=\"525\" height=\"255\" src=\"https:\/\/i0.wp.com\/solidarite-phoceenne-provencale.fr\/wp-content\/uploads\/2024\/10\/Livres1.jpg?resize=525%2C255&#038;ssl=1\" alt=\"\" class=\"wp-image-179\" srcset=\"https:\/\/i0.wp.com\/solidarite-phoceenne-provencale.fr\/wp-content\/uploads\/2024\/10\/Livres1.jpg?resize=1024%2C498&amp;ssl=1 1024w, https:\/\/i0.wp.com\/solidarite-phoceenne-provencale.fr\/wp-content\/uploads\/2024\/10\/Livres1.jpg?resize=300%2C146&amp;ssl=1 300w, https:\/\/i0.wp.com\/solidarite-phoceenne-provencale.fr\/wp-content\/uploads\/2024\/10\/Livres1.jpg?resize=768%2C374&amp;ssl=1 768w, https:\/\/i0.wp.com\/solidarite-phoceenne-provencale.fr\/wp-content\/uploads\/2024\/10\/Livres1.jpg?w=1249&amp;ssl=1 1249w\" sizes=\"auto, (max-width: 767px) 89vw, (max-width: 1000px) 54vw, (max-width: 1071px) 543px, 580px\" \/><\/figure>\n<\/div>","protected":false},"excerpt":{"rendered":"<p>Vous pouvez, en commentaire, pr\u00e9ciser la r\u00e9f\u00e9rence d&rsquo;une citation, ou proposer une autre citation sur le m\u00eame th\u00e8me.Les commentaires seront approuv\u00e9s par le webmaster avant publication, bien s\u00fbr. D\u00e9sormais la solidarit\u00e9 la plus n\u00e9cessaire est celle de l&rsquo;ensemble des habitants de la Terre. Albert Jacquard (1925-2013) Pour d\u00e9sirer laisser des traces dans le monde, il &hellip; <\/p>\n<p class=\"link-more\"><a href=\"https:\/\/solidarite-phoceenne-provencale.fr\/index.php\/quelques-citations-sur-la-solidarite\/\" class=\"more-link\">Continuer la lecture<span class=\"screen-reader-text\"> de &laquo;&nbsp;Quelques citations sur la solidarit\u00e9&nbsp;&raquo;<\/span><\/a><\/p>\n","protected":false},"author":4,"featured_media":0,"parent":0,"menu_order":0,"comment_status":"open","ping_status":"closed","template":"","meta":{"advanced_seo_description":"","jetpack_seo_html_title":"","jetpack_seo_noindex":false,"footnotes":""},"class_list":["post-95","page","type-page","status-publish","hentry"],"jetpack_sharing_enabled":true,"_links":{"self":[{"href":"https:\/\/solidarite-phoceenne-provencale.fr\/index.php\/wp-json\/wp\/v2\/pages\/95","targetHints":{"allow":["GET"]}}],"collection":[{"href":"https:\/\/solidarite-phoceenne-provencale.fr\/index.php\/wp-json\/wp\/v2\/pages"}],"about":[{"href":"https:\/\/solidarite-phoceenne-provencale.fr\/index.php\/wp-json\/wp\/v2\/types\/page"}],"author":[{"embeddable":true,"href":"https:\/\/solidarite-phoceenne-provencale.fr\/index.php\/wp-json\/wp\/v2\/users\/4"}],"replies":[{"embeddable":true,"href":"https:\/\/solidarite-phoceenne-provencale.fr\/index.php\/wp-json\/wp\/v2\/comments?post=95"}],"version-history":[{"count":0,"href":"https:\/\/solidarite-phoceenne-provencale.fr\/index.php\/wp-json\/wp\/v2\/pages\/95\/revisions"}],"wp:attachment":[{"href":"https:\/\/solidarite-phoceenne-provencale.fr\/index.php\/wp-json\/wp\/v2\/media?parent=95"}],"curies":[{"name":"wp","href":"https:\/\/api.w.org\/{rel}","templated":true}]}}

Quelques citations sur la solidarité

<p>Vous pouvez, en commentaire, préciser la référence d&rsquo;une citation, ou proposer une autre citation sur le même thème.<br>Les commentaires seront approuvés par le webmaster avant publication, bien sûr.</p>



<hr class="wp-block-separator has-alpha-channel-opacity"/>



<div class="wp-block-media-text has-media-on-the-right is-stacked-on-mobile"><div class="wp-block-media-text__content">
<p><strong>Désormais la solidarité la plus nécessaire est celle de l&rsquo;ensemble des habitants de la Terre.</strong></p>



<p>Albert Jacquard (1925-2013)</p>
</div><figure class="wp-block-media-text__media"><img data-recalc-dims="1" loading="lazy" decoding="async" width="420" height="420" src="https://i0.wp.com/solidarite-phoceenne-provencale.fr/wp-content/uploads/2024/10/Jacquard.jpg?resize=420%2C420&#038;ssl=1" alt="" class="wp-image-187 size-full" srcset="https://i0.wp.com/solidarite-phoceenne-provencale.fr/wp-content/uploads/2024/10/Jacquard.jpg?w=420&amp;ssl=1 420w, https://i0.wp.com/solidarite-phoceenne-provencale.fr/wp-content/uploads/2024/10/Jacquard.jpg?resize=300%2C300&amp;ssl=1 300w, https://i0.wp.com/solidarite-phoceenne-provencale.fr/wp-content/uploads/2024/10/Jacquard.jpg?resize=150%2C150&amp;ssl=1 150w, https://i0.wp.com/solidarite-phoceenne-provencale.fr/wp-content/uploads/2024/10/Jacquard.jpg?resize=100%2C100&amp;ssl=1 100w" sizes="auto, (max-width: 420px) 100vw, 420px" /></figure></div>



<div class="wp-block-media-text is-stacked-on-mobile"><figure class="wp-block-media-text__media"><img data-recalc-dims="1" loading="lazy" decoding="async" width="300" height="300" src="https://i0.wp.com/solidarite-phoceenne-provencale.fr/wp-content/uploads/2024/10/simonedebeauvoir.jpg?resize=300%2C300&#038;ssl=1" alt="" class="wp-image-192 size-full" srcset="https://i0.wp.com/solidarite-phoceenne-provencale.fr/wp-content/uploads/2024/10/simonedebeauvoir.jpg?w=300&amp;ssl=1 300w, https://i0.wp.com/solidarite-phoceenne-provencale.fr/wp-content/uploads/2024/10/simonedebeauvoir.jpg?resize=150%2C150&amp;ssl=1 150w, https://i0.wp.com/solidarite-phoceenne-provencale.fr/wp-content/uploads/2024/10/simonedebeauvoir.jpg?resize=100%2C100&amp;ssl=1 100w" sizes="auto, (max-width: 300px) 100vw, 300px" /></figure><div class="wp-block-media-text__content">
<p><strong>Pour désirer laisser des traces dans le monde, il faut en être solidaire.</strong></p>



<p>Simone de Beauvoir (1908-1986)</p>
</div></div>



<div class="wp-block-media-text has-media-on-the-right is-stacked-on-mobile"><div class="wp-block-media-text__content">
<p><strong>La fraternité n&rsquo;est qu&rsquo;une idée humaine, la solidarité est une idée universelle.</strong></p>



<p>Victor Hugo  (1802-1885)</p>
</div><figure class="wp-block-media-text__media"><img data-recalc-dims="1" loading="lazy" decoding="async" width="525" height="525" src="https://i0.wp.com/solidarite-phoceenne-provencale.fr/wp-content/uploads/2024/10/Hugo.jpg?resize=525%2C525&#038;ssl=1" alt="" class="wp-image-190 size-full" srcset="https://i0.wp.com/solidarite-phoceenne-provencale.fr/wp-content/uploads/2024/10/Hugo.jpg?w=960&amp;ssl=1 960w, https://i0.wp.com/solidarite-phoceenne-provencale.fr/wp-content/uploads/2024/10/Hugo.jpg?resize=300%2C300&amp;ssl=1 300w, https://i0.wp.com/solidarite-phoceenne-provencale.fr/wp-content/uploads/2024/10/Hugo.jpg?resize=150%2C150&amp;ssl=1 150w, https://i0.wp.com/solidarite-phoceenne-provencale.fr/wp-content/uploads/2024/10/Hugo.jpg?resize=768%2C768&amp;ssl=1 768w, https://i0.wp.com/solidarite-phoceenne-provencale.fr/wp-content/uploads/2024/10/Hugo.jpg?resize=100%2C100&amp;ssl=1 100w" sizes="auto, (max-width: 767px) 89vw, (max-width: 1000px) 54vw, (max-width: 1071px) 543px, 580px" /></figure></div>



<div class="wp-block-media-text is-stacked-on-mobile"><figure class="wp-block-media-text__media"><img data-recalc-dims="1" loading="lazy" decoding="async" width="520" height="637" src="https://i0.wp.com/solidarite-phoceenne-provencale.fr/wp-content/uploads/2024/10/Taylor.jpg?resize=520%2C637&#038;ssl=1" alt="" class="wp-image-96 size-full" srcset="https://i0.wp.com/solidarite-phoceenne-provencale.fr/wp-content/uploads/2024/10/Taylor.jpg?w=520&amp;ssl=1 520w, https://i0.wp.com/solidarite-phoceenne-provencale.fr/wp-content/uploads/2024/10/Taylor.jpg?resize=245%2C300&amp;ssl=1 245w" sizes="auto, (max-width: 520px) 100vw, 520px" /></figure><div class="wp-block-media-text__content">
<p><strong>Il faut secourir avant d&rsquo;être secouru, c&rsquo;est à ce prix que le secours honore et celui qui le reçoit, et celui qui le donne.</strong></p>



<p>Isidore, baron Taylor (1789-1879)</p>
</div></div>



<div class="wp-block-media-text has-media-on-the-right is-stacked-on-mobile is-image-fill"><div class="wp-block-media-text__content">
<p><strong>Il croyait fermement à la possibilité d&rsquo;une fraternité des hommes en vue de s&rsquo;entraider sur la voie de la vertu. Et telle précisément lui apparaissait la franc-maçonnerie.</strong></p>



<p><br>Léon Tolstoï (1828-1910)<br>« La Guerre et la Paix »</p>



<p></p>
</div><figure class="wp-block-media-text__media" style="background-image:url(https://solidarite-phoceenne-provencale.fr/wp-content/uploads/2024/10/Tolstoi-739x1024.jpg);background-position:60% 34%"><img data-recalc-dims="1" loading="lazy" decoding="async" width="525" height="727" src="https://i0.wp.com/solidarite-phoceenne-provencale.fr/wp-content/uploads/2024/10/Tolstoi.jpg?resize=525%2C727&#038;ssl=1" alt="" class="wp-image-260 size-full" srcset="https://i0.wp.com/solidarite-phoceenne-provencale.fr/wp-content/uploads/2024/10/Tolstoi.jpg?resize=739%2C1024&amp;ssl=1 739w, https://i0.wp.com/solidarite-phoceenne-provencale.fr/wp-content/uploads/2024/10/Tolstoi.jpg?resize=217%2C300&amp;ssl=1 217w, https://i0.wp.com/solidarite-phoceenne-provencale.fr/wp-content/uploads/2024/10/Tolstoi.jpg?resize=768%2C1064&amp;ssl=1 768w, https://i0.wp.com/solidarite-phoceenne-provencale.fr/wp-content/uploads/2024/10/Tolstoi.jpg?w=1024&amp;ssl=1 1024w" sizes="auto, (max-width: 525px) 100vw, 525px" /></figure></div>


<div class="wp-block-image is-style-rounded">
<figure class="aligncenter size-large"><img data-recalc-dims="1" loading="lazy" decoding="async" width="525" height="255" src="https://i0.wp.com/solidarite-phoceenne-provencale.fr/wp-content/uploads/2024/10/Livres1.jpg?resize=525%2C255&#038;ssl=1" alt="" class="wp-image-179" srcset="https://i0.wp.com/solidarite-phoceenne-provencale.fr/wp-content/uploads/2024/10/Livres1.jpg?resize=1024%2C498&amp;ssl=1 1024w, https://i0.wp.com/solidarite-phoceenne-provencale.fr/wp-content/uploads/2024/10/Livres1.jpg?resize=300%2C146&amp;ssl=1 300w, https://i0.wp.com/solidarite-phoceenne-provencale.fr/wp-content/uploads/2024/10/Livres1.jpg?resize=768%2C374&amp;ssl=1 768w, https://i0.wp.com/solidarite-phoceenne-provencale.fr/wp-content/uploads/2024/10/Livres1.jpg?w=1249&amp;ssl=1 1249w" sizes="auto, (max-width: 767px) 89vw, (max-width: 1000px) 54vw, (max-width: 1071px) 543px, 580px" /></figure>
</div>

<p>Vous pouvez, en commentaire, préciser la référence d&rsquo;une citation, ou proposer une autre citation sur le même thème.Les commentaires seront approuvés par le webmaster avant publication, bien sûr. Désormais la solidarité la plus nécessaire est celle de l&rsquo;ensemble des habitants de la Terre. Albert Jacquard (1925-2013) Pour désirer laisser des traces dans le monde, il &hellip; </p>
<p class="link-more"><a href="https://solidarite-phoceenne-provencale.fr/index.php/quelques-citations-sur-la-solidarite/" class="more-link">Continuer la lecture<span class="screen-reader-text"> de &laquo;&nbsp;Quelques citations sur la solidarité&nbsp;&raquo;</span></a></p>
